2*c. Let z be a(2). What is the highest common factor of 9 and z?
9
Suppose 100 = 3*l - 5*a, 2*a + 192 = 11*l - 6*l. Let z = 15 + -9. Let p(n) = 2*n - 2. Let m be p(z). What is the highest common factor of m and l?
10
Let p(z) = -z**3 - 2*z**2 + 7*z - 7. Let u be p(-5). Suppose 4*d = -5*v + 731, -5*v - 6*v + 4*d = -1557. What is the highest common factor of v and u?
11
Suppose -14*i = -48*i + 12138. Calculate the highest common divisor of i and 14.
7
Let g(q) = 50 - 28*q - 34*q + 56*q. Let x be g(6). Suppose 0 = -2*y + x + 12. What is the greatest common divisor of y and 13?
13
Suppose -2795 = -8*k + 3401 - 2356. Calculate the highest common divisor of 864 and k.
96
Let a(j) = -15*j**2 - 92*j + 9. Let u be a(-6). Suppose 5*x + u + 44 = l, 355 = 5*l + 5*x. Calculate the highest common divisor of l and 28.
14
Suppose 117*f = 23*f + 29704. Calculate the highest common divisor of f and 1501.
79
Suppose 61*j = 1115 - 17. What is the greatest common factor of j and 279?
9
Let d be (-1)/(1/(2/(-2))). Let o be ((-42)/(-15) + 2/10)*(-6583 + 6586). What is the greatest common divisor of o and d?
1
Let g(y) = -y**2 - 6*y - 3. Let t be g(-4). Suppose t*n - 34 = 3*n. Suppose 223 + 37 = 5*q - z, 2*q = z + 107. Calculate the highest common factor of n and q.
17
Let u be (0 + -3 + 5)/((-410)/420 - -1). What is the highest common factor of u and 34356?
84
Let z = 31415 - 31289. What is the greatest common factor of 959 and z?
7
Let o = -463 - -853. Suppose 62*n - 583 - 1277 = 0. What is the highest common factor of o and n?
30
Let x(h) = 4*h**3 + 2*h + h - 2 + h**2 - 2*h. Let i be x(5). Suppose 10343 = -495*b + 34103. Calculate the highest common divisor of i and b.
48
Suppose -3*d - 2*d = -720. Suppose -5*r = -184 - 296. Suppose -q = q - r. What is the highest common factor of d and q?
48
Let r = -403 - -405. Suppose -2*h + 278 = -a, -6*h + 4*a + 548 = -r*h. What is the greatest common factor of 3 and h?
3
Let m = 46 + -51. Let d(u) = -u**2 - 16*u - 10. Let l be d(m). Let v = 53 - l. Calculate the highest common factor of 88 and v.
8
Suppose 2*p - 3 - 25 = 4*n, -3*p + 42 = -n. Let v = 47 + -46. Let s(l) = 3*l**2 - l. Let c be s(v). What is the highest common divisor of c and p?
2
Let d be 2/13 - 24000/(-156). Suppose d = -4*r - 14. Let o be ((-6)/(-5))/(r/(-700)). What is the greatest common factor of o and 140?
20
Suppose -2*h + 10 = -2*i, 4*i + 8*h = 3*h + 25. Suppose i = u - 44 - 30. Calculate the greatest common factor of 185 and u.
37
Suppose 2236 + 3017 = 3*a + 5*l, -3*l = 5*a - 8771. Calculate the highest common factor of a and 4.
4
Suppose -4*u - 50 = -2*i, 0 = 2*i + 3*u - 61 - 17. Suppose -5*f = -52 - i. Let h = 37948 + -37812. What is the highest common divisor of f and h?
17
Let k(x) = -8 + 0 + 11*x**2 + 0 + 3*x + 2*x**3 + 8*x**2 - 18*x**2. Let l be k(4). Calculate the highest common divisor of l and 518.
74
Suppose -2*h + 3 + 3 = 0. Let k(a) = a**2 + 0*a**2 - 17*a**h + 134*a - 7 - 138*a. Let x be k(-2). What is the greatest common divisor of x and 47?
47
Let n = -623 - -758. Let q be (-1)/3 + 5*34407/n. What is the greatest common factor of 13 and q?
13
Suppose 97*w + 4*v = 95*w + 296, -5*w - 5*v = -725. Calculate the greatest common divisor of 4189 and w.
71
Let p = -555 + 560. Suppose 102*g - 97*g - 140 = 4*y, p*g - 140 = 3*y. Calculate the highest common divisor of 32 and g.
4
Suppose 247746 = 309*c - 36534. What is the greatest common divisor of 644 and c?
92
Let v = -5224 + 5799. Calculate the greatest common divisor of 391 and v.
23
Let a(r) = -24*r + 90. Let o be a(-20). Suppose o = 2*m + 330. What is the greatest common divisor of m and 80?
40
Let t(y) = 130*y**3 + y**2 + 5*y - 6. Let n be t(1). Let m = -38 + n. Calculate the greatest common factor of m and 8.
4
Let g = -95 + -175. Let i = 202 - g. What is the greatest common factor of 8 and i?
8
Suppose -803 = -s + 2*n, -2*s + 1576 = -4*n + 6*n. Calculate the highest common divisor of s and 26.
13
Let m(x) = 5*x**2 - 87*x - 237. Let y be m(-6). Calculate the greatest common factor of y and 4805.
155
Let m = -30 - -54. Let v(u) = -u**3 + 5*u**2 - 4*u + 6. Let a be v(3). Let g(f) = f**2 - 7*f - 24. Let p be g(a). What is the highest common divisor of p and m?
12
Suppose 0 = 17*q - 32*q + 41 + 484. What is the highest common divisor of q and 2639?
7
Let y be 3456/56 + (-4)/(-14). Suppose 66*u - y*u - 8 = 0. Suppose 0*b = -3*b + u*f + 13, 0 = -4*b - 4*f + 44. Calculate the greatest common factor of b and 21.
7
Let a(t) = -11*t**3 - 4*t**2 - 7*t. Let d be a(-3). Let p be ((-84)/(-70))/((-4)/10) - -9. What is the highest common factor of p and d?
6
Let d be 33508037/5361 - 1/6*2. Calculate the highest common divisor of 20 and d.
10
Suppose 12*z - 139 = -19. Suppose 4 = 3*d + z, -123 = 3*q - 3*d. Let j = -7 - q. Calculate the highest common divisor of j and 396.
36
Let s(o) = 27 - 11 + 2*o**2 - 9 + 8*o. Let h be s(-1). What is the highest common factor of 49 and h?
1
Let k(d) = 71*d + 52. Suppose 86 = 13*s + 21. Let j be k(s). What is the greatest common divisor of 11 and j?
11
Suppose 3*x = -2*r + 690, 4*x - 310 - 590 = 4*r. What is the highest common divisor of x and 380?
76
Let a be ((14 - 11) + -353)/(1/(-2)). What is the highest common factor of 200 and a?
100
Let c = -730 + 748. Suppose -382 = -c*w + 446. What is the greatest common factor of w and 4?
2
Let s be (-50)/70 - 4856/(-56). What is the highest common factor of 3483 and s?
43
Let d = 10093 - 9768. What is the highest common factor of d and 117?
13
Let d(z) = -403599 + 403599 - 42*z. Let w(n) = n**3 - 4*n**2 + 4*n - 4. Let c be w(3). Let m be d(c). Calculate the highest common divisor of m and 378.
42
Suppose 17*g + 12 = 23*g. Suppose 0 = m + g*m - 180. Calculate the greatest common factor of m and 24.
12
Let m = 70 + 260. Let v(h) = -3*h - 6. Let u be v(-3). Suppose -5*s - 5*t = -2*s - 115, -4*s + u*t = -105. Calculate the highest common divisor of s and m.
30
Let l be ((-57)/38)/((-9)/30). Suppose -2*a = -v + 18, 3 = -2*v - l*a + 12. Let t(r) = r + 8. Let q be t(0). Calculate the greatest common factor of q and v.
4
Let i be -70*(23/(-161))/((-8)/(-16)). Suppose 0 = -j + 59 + 81. Calculate the highest common divisor of j and i.
20
Let b(f) = -136*f - 759. Let r be b(-36). What is the highest common factor of r and 42?
21
Let t(x) = 89*x**3 + 5*x + 4. Let j be t(-1). Let o be ((-10)/4)/(75/j). Calculate the greatest common divisor of o and 3.
3
Suppose 3*z - 5*z = -90. Suppose -14*r = -r - 195. What is the greatest common factor of r and z?
15
Let a(f) = 28*f**2 - 473*f - 37. Let g be a(28). What is the highest common factor of 897 and g?
299
Suppose 47 - 17 = 5*l. Let h(i) = -3*i + 20. Let r be h(l). Suppose -r*f + 4 = -0*f, 2*f - 68 = -4*z. Calculate the greatest common factor of 2 and z.
2
Suppose 24*j - 11*j + 429 = 0. Let w = -4 - j. What is the highest common factor of w and 667?
29
Suppose 2*l = 2*v + 6*l + 36, 5*v + 4*l = -114. Let o = -81 - v. Let d = 105 + o. Calculate the greatest common factor of d and 400.
50
Suppose 445 = 702*r - 1661. What is the greatest common divisor of 3072 and r?
3
Let w(c) = c**2 + 74*c - 814. Let p be w(-84). What is the greatest common factor of p and 222?
2
Suppose 42*a - 12790 - 907 + 257 = 0. What is the highest common factor of a and 190?
10
Let l = 158 + -151. Suppose -3*f + 210 = l*f. What is the greatest common divisor of 6 and f?
3
Let i be ((-2946)/(-4))/((-1)/(26/(-39))). Let w = 540 - i. Let p(s) = s**3 - 3*s**2 - 6*s - 7. Let o be p(7). Calculate the highest common divisor of w and o.
49
Let q(j) = 247*j + 773. Let c be q(9). What is the greatest common factor of c and 112?
28
Let c(y) = y**3 + 42*y + 415. Let b be c(0). What is the highest common factor of 25 and b?
5
Let n be (-1)/(-5) - (-454)/5. Let j = -91 + n. Suppose i - 16 = -j*i + 3*r, 38 = 5*i - r. What is the greatest common divisor of i and 77?
7
Let y(i) = 39*i + 1. Let g be y(1). Let a = 56432 - 56424. What is the highest common divisor of a and g?
8
Let f = 28 - -188. Suppose -11*v + 48 + f = 0. Let j(x) = -2*x**3 - 2*x + 4. Let t be j(-5). Calculate the greatest common factor of v and t.
24
Let s(m) = -84*m. Let k be s(-3). Suppose 252 = 10*a - 4*a + a. What is the greatest common factor of k and a?
36
Let n